vided by 23?
14
Calculate the remainder when 13520 is divided by 49.
45
Calculate the remainder when 3947 is divided by 19.
14
Calculate the remainder when 112 is divided by 85.
27
What is the remainder when 7039 is divided by 235?
224
What is the remainder when 76 is divided by 57?
19
Calculate the remainder when 736 is divided by 193.
157
Calculate the remainder when 1233 is divided by 607.
19
Calculate the remainder when 715 is divided by 144.
139
What is the remainder when 174 is divided by 75?
24
Calculate the remainder when 649 is divided by 211.
16
What is the remainder when 842 is divided by 5?
2
Calculate the remainder when 136 is divided by 23.
21
What is the remainder when 36 is divided by 18?
0
Calculate the remainder when 5585 is divided by 147.
146
What is the remainder when 446 is divided by 7?
5
What is the remainder when 1158 is divided by 335?
153
What is the remainder when 545 is divided by 55?
50
Calculate the remainder when 106 is divided by 21.
1
What is the remainder when 119 is divided by 40?
39
What is the remainder when 30 is divided by 13?
4
Calculate the remainder when 181 is divided by 12.
1
Calculate the remainder when 11253 is divided by 24.
21
Calculate the remainder when 454 is divided by 91.
90
Calculate the remainder when 1448 is divided by 161.
160
Calculate the remainder when 4745 is divided by 19.
14
What is the remainder when 645 is divided by 36?
33
What is the remainder when 875 is divided by 57?
20
What is the remainder when 55 is divided by 19?
17
What is the remainder when 19447 is divided by 44?
43
What is the remainder when 22679 is divided by 14?
13
What is the remainder when 94 is divided by 75?
19
What is the remainder when 1307 is divided by 187?
185
Calculate the remainder when 32 is divided by 4.
0
Calculate the remainder when 156 is divided by 80.
76
What is the remainder when 95 is divided by 27?
14
Calculate the remainder when 137 is divided by 23.
22
What is the remainder when 351 is divided by 89?
84
Calculate the remainder when 876 is divided by 67.
5
What is the remainder when 123 is divided by 32?
27
Calculate the remainder when 22 is divided by 16.
6
Calculate the remainder when 1971 is divided by 58.
57
Calculate the remainder when 63 is divided by 2.
1
What is the remainder when 242 is divided by 89?
64
What is the remainder when 341 is divided by 59?
46
What is the remainder when 1073 is divided by 14?
9
What is the remainder when 135 is divided by 41?
12
Calculate the remainder when 146 is divided by 48.
2
What is the remainder when 356 is divided by 12?
8
Calculate the remainder when 1949 is divided by 16.
13
Calculate the remainder when 40 is divided by 9.
4
What is the remainder when 241 is divided by 210?
31
What is the remainder when 1625 is divided by 96?
89
What is the remainder when 84 is divided by 57?
27
What is the remainder when 1801 is divided by 42?
37
What is the remainder when 1206 is divided by 2?
0
What is the remainder when 89 is divided by 30?
29
Calculate the remainder when 335 is divided by 120.
95
Calculate the remainder when 51 is divided by 28.
23
Calculate the remainder when 863 is divided by 166.
33
What is the remainder when 140 is divided by 51?
38
What is the remainder when 618 is divided by 16?
10
What is the remainder when 202 is divided by 36?
22
What is the remainder when 24 is divided by 21?
3
Calculate the remainder when 974 is divided by 13.
12
Calculate the remainder when 244 is divided by 102.
40
Calculate the remainder when 244 is divided by 35.
34
Calculate the remainder when 1900 is divided by 109.
47
What is the remainder when 291 is divided by 18?
3
What is the remainder when 4333 is divided by 92?
9
Calculate the remainder when 148 is divided by 10.
8
What is the remainder when 780 is divided by 29?
26
What is the remainder when 96 is divided by 88?
8
Calculate the remainder when 218 is divided by 40.
18
Calculate the remainder when 17 is divided by 6.
5
What is the remainder when 982 is divided by 243?
10
Calculate the remainder when 1246 is divided by 412.
10
What is the remainder when 102 is divided by 29?
15
What is the remainder when 98 is divided by 83?
15
Calculate the remainder when 587 is divided by 116.
7
Calculate the remainder when 572 is divided by 64.
60
What is the remainder when 41 is divided by 41?
0
What is the remainder when 60 is divided by 6?
0
What is the remainder when 2028 is divided by 19?
14
What is the remainder when 605 is divided by 297?
11
What is the remainder when 114 is divided by 20?
14
Calculate the remainder when 266 is divided by 87.
5
Calculate the remainder when 108 is divided by 10.
8
Calculate the remainder when 480 is divided by 473.
7
What is the remainder when 42556 is divided by 53?
50
Calculate the remainder when 31 is divided by 16.
15
What is the remainder when 80 is divided by 49?
31
Calculate the remainder when 627 is divided by 21.
18
What is the remainder when 166 is divided by 76?
14
Calculate the remainder when 85 is divided by 40.
5
What is the remainder when 49 is divided by 12?
1
What is the remainder when 2071 is divided by 74?
73
Calculate the remainder when 663 is divided by 107.
21
What is the remainder when 10 is divided by 7?
3
Calculate the remainder when 200 is divided by 69.
62
What is the remainder when 98 is divided by 59?
39
Calculate the remainder when 15446 is divided by 7.
4
What is the remainder when 25 is divided by 11?
3
What is the remainder when 161 is divided by 25?
11
What is the remainder when 8690 is divided by 41?
39
What is the remainder when 452 is divided by 12?
8
Calculate the remainder when 603 is divided by 51.
42
Calculate the remainder when 197 is divided by 14.
1
Calculate the remainder when 17698 is divided by 177.
175
Calculate the remainder when 907 is divided by 9.
7
Calculate the remainder when 215 is divided by 12.
11
Calculate the remainder when 122 is divided by 10.
2
Calculate the remainder when 63 is divided by 13.
11
Calculate the remainder when 163 is divided by 12.
7
What is the remainder when 153 is divided by 79?
74
What is the remainder when 258 is divided by 9?
6
Calculate the remainder when 3542 is divided by 86.
16
Calculate the remainder when 1180 is divided by 1150.
30
Calculate the remainder when 60 is divided by 34.
26
What is the remainder when 269 is divided by 91?
87
What is the remainder when 5029 is divided by 10?
9
What is the remainder when 10024 is divided by 34?
28
Calculate the remainder when 104 is divided by 76.
28
What is the remainder when 986 is divided by 38?
36
What is the remainder when 22 is divided by 9?
4
What is the remainder when 803 is divided by 143?
88
What is the remainder when 12 is divided by 8?
4
What is the remainder when 68 is divided by 30?
8
Calculate the remainder when 883 is divided by 26.
25
What is the remainder when 312 is divided by 45?
42
Calculate the remainder when 118 is divided by 72.
46
What is the remainder when 3630 is divided by 18?
12
Calculate the remainder when 7243 is divided by 7.
5
What is the remainder when 9520 is divided by 11?
5
Calculate the remainder when 1873 is divided by 83.
47
Calculate the remainder when 4177 is divided by 526.
495
What is the remainder when 686 is divided by 115?
111
What is the remainder when 285 is divided by 107?
71
What is the remainder when 426 is divided by 31?
23
What is the remainder when 153 is divided by 46?
15
Calculate the remainder when 4509 is divided by 10.
9
Calculate the remainder when 660 is divided by 112.
100
What is the remainder when 320 is divided by 114?
92
What is the remainder when 317 is divided by 10?
7
What is the remainder when 180 is divided by 62?
56
Calculate the remainder when 230 is divided by 82.
66
What is the remainder when 282 is divided by 19?
16
Calculate the remainder when 53 is divided by 47.
6
Calculate the remainder when 5162 is divided by 737.
3
Calculate the remainder when 2934 is divided by 486.
18
What is the remainder when 511 is divided by 13?
4
What is the remainder when 55 is divided by 25?
5
Calculate the remainder when 1359 is divided by 1337.
22
Calculate the remainder when 519 is divided by 169.
12
Calculate the remainder when 768 is divided by 109.
5
What is the remainder when 25